) = t**3 + 6*t**2 - 7*t + 10. Let n be i(-7). Let f be l(n). Suppose -3*b + f + 20 = 0. What is the units digit of b?
9
Let r = 39 + -32. Let d(h) = -h**2 + 8*h + 6. What is the units digit of d(r)?
3
Suppose 690 = 5*w - w - 2*z, -5*w = -3*z - 863. Suppose w = -3*t + 5*t. Let x = 130 - t. What is the tens digit of x?
4
Let z(b) = b**2 + 15*b + 16. Let s be z(-14). Let w be (-1)/(11/6 + -2). Suppose y - g - 34 = -w*g, 0 = -y + s*g + 6. What is the tens digit of y?
1
Let l(j) = 492*j**2 + 12*j + 32. What is the units digit of l(-2)?
6
What is the hundreds digit of (-18)/9 + (-4 - 6684/(-4))?
6
Suppose -1105 = -5*u + 1775. What is the tens digit of u/40 + 2/(-5)?
1
Let g = -659 - -1228. What is the hundreds digit of g?
5
Let q(d) = 4*d + 28. Let h be q(-9). Suppose -2*c + 5*k = -9, c - 5*c - k - 15 = 0. Let f = c - h. What is the units digit of f?
5
Let c be 116/6 + (-9)/27. Suppose 179 = 4*a + c. What is the units digit of a?
0
Let m be (2/5)/(3/30*-2). What is the units digit of (-120 + 5)*(m - 2/(-10))?
7
Suppose 0 = 5*h + 3*o - 4451, 2*h = -3*o - 0*o + 1775. Suppose 0 = -18*l + h + 3014. What is the units digit of l?
7
Let i = 73 + -120. Let t = 82 + i. What is the units digit of t?
5
Let o = 85 + -201. Let x = 176 + o. What is the tens digit of x?
6
Let z = -631 - -911. Suppose 0 = 3*v + 3*g - z - 194, 2*v - 5*g - 330 = 0. What is the tens digit of v?
6
Let p = 1364 + -815. What is the hundreds digit of p?
5
Let w be ((-2)/(-4))/((-1)/(-6)). Suppose -2*i + 8 = 0, 0*x + w*i = 2*x + 4. What is the units digit of 8*x/(-2)*-2?
2
Let q(o) be the first derivative of o**2/2 + 21*o - 9. What is the units digit of q(0)?
1
Suppose 0 = -90*r + 82*r + 21472. What is the units digit of r?
4
Suppose -454 = -5*r - q + 116, -r + 125 = -2*q. Suppose 4*s - 145 = 5*x, 5*x = -2*s + 5*s - r. What is the units digit of s?
0
Suppose -2*j + 2632 = 4*v + 442, 2*j + 1625 = 3*v. What is the tens digit of v?
4
Let m = -18 - -3. Let b = 11 - m. What is the units digit of b?
6
What is the tens digit of 1 + -2 - 25308/(-38)?
6
Let k be (-577)/7 + (-18)/(-42). Let p = -45 - k. What is the tens digit of p?
3
Let b(l) = -l**3 - 5*l**2 + l + 7. Let k be b(-5). Suppose 4*y - 2*v + 0*v = 12, 0 = k*y - 4*v. Suppose y*w + 10 = 26. What is the units digit of w?
4
Let r = -582 + 714. What is the tens digit of r?
3
Suppose -4*i - 64 = -2*b, -2*i - 32 = 5*b - 3*b. Suppose 4*o - 8*o + 5*z - 261 = 0, 34 = -o - 5*z. Let u = i - o. What is the units digit of u?
3
Let c(k) = -k + 7. Suppose -x + 36 = 3*x. Let r be c(x). Let p(s) = -3*s**3 - 2*s**2 - 2*s - 3. What is the units digit of p(r)?
7
Suppose 0*h - 11*h = -11. Let z(c) = 154*c**2 - 5*c + 4. What is the tens digit of z(h)?
5
Let m(f) = 16*f**2 - 1. Let n be m(3). Let q = 38 + n. What is the units digit of q?
1
Suppose -m - 2*y - 9 = 10, 3*m = -2*y - 61. Let z be (-1 + m)*(-4)/(-8). What is the tens digit of (-108)/z + 4/22?
1
What is the tens digit of (8 + 3)/(5/220)?
8
Let u(k) = -14*k**2 - 8*k + 29. Let t(b) = 5*b**2 + 3*b - 10. Let d(i) = -11*t(i) - 4*u(i). Let q = 9 - 3. What is the tens digit of d(q)?
2
Let w = -82 - -85. Suppose 8 - 32 = -3*u - 3*p, 5*u - w*p = 48. What is the units digit of u?
9
Suppose -5*i = -2*i + 6. Let n(y) = 31*y**2 - 3*y - 2. Let m(h) = -30*h**2 + 2*h + 1. Let u(t) = i*n(t) - 3*m(t). What is the tens digit of u(-1)?
2
Let w(u) be the third derivative of u**4/4 - 17*u**3/6 - 7*u**2. What is the units digit of w(12)?
5
Suppose -4*r + 20 = 0, 3*v + 156*r - 3886 = 157*r. What is the thousands digit of v?
1
Let i be (-4 + 4)/3 + 3. Suppose m - i*m = -384. What is the units digit of m?
2
Let m = 4577 - 1401. What is the tens digit of m?
7
Let m = -3 + 5. Let w = -7 + 35. Suppose w = m*v + 4. What is the tens digit of v?
1
Let y = 931 + 1421. What is the units digit of y?
2
Let f = -17 - -14. Let b = f + -4. What is the units digit of 21/b - -1*14?
1
Let p be (4/(-5))/((-1)/5). Let u = 9 - p. Suppose u*a + 5*c = 25, 3*a + a + c = 35. What is the tens digit of a?
1
Let h(i) be the second derivative of i**6/360 - 3*i**5/40 - i**4/8 - i**3/2 + i. Let c(m) be the second derivative of h(m). What is the units digit of c(10)?
7
Suppose 7 + 31 = 2*f. Let b = 74 + f. What is the units digit of b?
3
Suppose 0 = -3*y + 4*y - 213. Suppose 0 = -5*l - 2*q + 355, 0*l + 3*l - q = y. What is the tens digit of l?
7
Let t = 58 - -96. Let d = t - 71. What is the tens digit of d?
8
Suppose -2*w + v - 87 = -0*w, 159 = -4*w - 3*v. What is the units digit of w/15*(-5 - 5)?
8
Let k = 1541 - -2153. What is the thousands digit of k?
3
Let y(o) = -10*o - 25. Let n(l) = -l**2 - 8*l + 11. Let b be n(-10). What is the tens digit of y(b)?
6
Suppose -3*q + 294 = -153. Suppose 3*l = -2*v + q, 0*v - 5*v = -3*l + 142. What is the tens digit of l?
4
Suppose -5*p + 0*s = 2*s - 2060, -5*p = 3*s - 2065. What is the tens digit of p?
1
Let m = 341 + -276. What is the units digit of m?
5
Let i(b) = -b**2 - 8*b + 2. Let z be i(-8). Suppose -t = -z*q + 117, 5*q - 6*t - 294 = -3*t. What is the units digit of q?
7
Let l = -4269 - -7983. What is the units digit of l?
4
Let d be ((-3)/5 + -1)*15. Let y = d + 20. What is the units digit of (-2*18)/y*1?
9
Let b(x) = x**2 - 19*x - 10. Let d be b(-14). Suppose -d = -3*a + 4*s, -4*s - s + 488 = 3*a. What is the hundreds digit of a?
1
Let o = 1498 - 1032. What is the tens digit of o?
6
Suppose 0 = -v - 4*v. Let y be (-1 - -2)*(v - 1). What is the units digit of (0 - (-3)/y) + 35?
2
Let p = -1789 + 2777. What is the hundreds digit of p?
9
Suppose 4*c = -4*s + 1652, 0 = 6*s - 11*s. What is the tens digit of c?
1
Let n(w) = -w**3 - 25*w**2 - 2*w - 46. Let b be n(-25). Suppose -b*f + 177 + 171 = 0. What is the units digit of f?
7
Suppose 0 = -4*y - y + 5. Let z(i) = 0 - 5 - y - 2*i. What is the units digit of z(-4)?
2
Suppose 2*p - p + 35 = w, 0 = -3*p - 3*w - 123. Suppose z + 4 = 5*v, 3*z + v + 53 = -7. Let r = z - p. What is the units digit of r?
9
Let g be (93/6)/(2/4). Suppose o - 7 = -5*t, 5*t = -4 - 1. Suppose -d + g = o. What is the units digit of d?
9
Suppose -2*k - 299 = 5*t - 926, -k = -t + 131. What is the tens digit of t?
2
Let b(k) = k**3 + 3*k**2 + 3*k + 7. Let z be b(-3). Let v(i) = -3*i**3 + 2*i**2 + i + 1. What is the tens digit of v(z)?
3
Suppose 0 = -5*x + 6*x - 19. Suppose -4*s + 16 = 0, -4*k - x = -k - 4*s. What is the units digit of (k/1)/(-2 - -1)?
1
Suppose 287*b = 297*b - 12990. What is the units digit of b?
9
Suppose -7*r + 6793 = -5443. What is the units digit of r?
8
Let r(d) = -d**2 + 9*d - 2. Let x be r(9). Let s be 2 + (x - -5)/1. Suppose 5*z + 80 + 50 = s*c, -5*z - 25 = 0. What is the units digit of c?
1
Let y be -74*((-4)/(-2))/4. Let d = 91 + y. What is the units digit of d?
4
Let t = -12 - -13. Let r(g) = -20*g + 2. Let u(c) = -c - 1. Let z(f) = t*u(f) + r(f). What is the tens digit of z(-1)?
2
Let p = 4 + -4. Suppose 5*j - 5 - 225 = 0. Suppose -5*w + p*a = 3*a - j, -5*a + 18 = 3*w. What is the tens digit of w?
1
Let l(f) = -f**3 - 15*f**2 - 5*f + 1. Let b be (-46)/3 + 1/3. What is the units digit of l(b)?
6
Suppose 3*h - 8*h - 50 = 0. What is the hundreds digit of 68/((-44)/h + -4)?
1
Let z(a) = 29*a + 1. What is the tens digit of z(6)?
7
Suppose 0 = -2*x + 6*x - 12. Suppose 2*j + x = 119. What is the units digit of j?
8
Let i = -408 - -1266. Suppose 3*v + 222 - i = 0. What is the tens digit of v?
1
Suppose -5*f = -3*i - 3288, -3*f = -i - 1775 - 201. What is the hundreds digit of f?
6
Let z = 804 - 431. What is the units digit of z?
3
Let t(b) = -19*b**2 + 15*b - 11. Let y(s) = -28*s**2 + 23*s - 16. Let f(g) = -8*t(g) + 5*y(g). What is the units digit of f(3)?
1
Let t = 0 - 18. Let j(d) = 6*d**2 + 7*d + 3. Let q be j(-3). Let x = t + q. What is the tens digit of x?
1
Suppose 527*i - 534*i = -413. What is the units digit of i?
9
Let x = 447 - -4420. What is the tens digit of x?
6
Suppose 0 = -2*v + 106 + 132. What is the tens digit of v?
1
Suppose -8*v + 11*v = 132. Let d = v - -95. What is the hundreds digit of d?
1
Let w(v) = 441*v + 1309. What is the hundreds digit of w(6)?
9
Let s(p) be the first derivative of -p**4/4 + 4*p**3 - 13*p**2/2 - 5*p + 4. Let l be s(11). What is the units digit of (l/(-6))/((-2)/(-4))?
9
Let g = 21 + -20. Let o be (1/2*10)/g. Suppose -o*z + 36 =